me factors of 4367982600.
2, 3, 5, 47, 51631
What are the prime factors of 1167735645?
3, 5, 23, 1128247
What are the prime factors of 81291547?
1231, 66037
What are the prime factors of 729953807?
11, 31, 2140627
What are the prime factors of 36809898?
2, 3, 6134983
What are the prime factors of 91637650?
2, 5, 13, 17, 8293
What are the prime factors of 48172486?
2, 19, 167, 7591
What are the prime factors of 1912499975?
5, 29, 2637931
What are the prime factors of 80792087?
53, 1524379
List the prime factors of 46262278.
2, 61, 379199
List the prime factors of 134735496.
2, 3, 7, 114571
List the prime factors of 13248565.
5, 11, 240883
List the prime factors of 1774198581.
3, 37, 15983771
List the prime factors of 594981821.
7, 89, 137, 6971
What are the prime factors of 278651743?
17, 941, 17419
List the prime factors of 454816377.
3, 5615017
List the prime factors of 7542537991.
7542537991
List the prime factors of 1266029501.
11, 593, 194087
What are the prime factors of 43766943?
3, 11, 1326271
List the prime factors of 99506609.
293, 339613
List the prime factors of 153369178.
2, 19, 47, 79, 1087
List the prime factors of 201882401.
7, 41, 317
What are the prime factors of 92988881?
37, 109, 23057
What are the prime factors of 265766267?
13, 59, 346501
What are the prime factors of 75305683?
19, 337, 619
What are the prime factors of 24373924?
2, 6093481
What are the prime factors of 210297080?
2, 5, 7, 751061
List the prime factors of 66630216.
2, 3, 2776259
What are the prime factors of 334982590?
2, 5, 31, 1080589
List the prime factors of 4640309047.
11, 1613, 261529
List the prime factors of 39895520.
2, 5, 7, 179, 199
List the prime factors of 19629395.
5, 89, 44111
List the prime factors of 32509348.
2, 29, 280253
List the prime factors of 13313694.
2, 3, 31, 2309
What are the prime factors of 86160403?
7, 17, 131, 5527
What are the prime factors of 1435728637?
7, 31, 139, 47599
List the prime factors of 385104571.
23, 433, 38669
List the prime factors of 332399923.
59, 1583, 3559
List the prime factors of 217236440.
2, 5, 739, 7349
What are the prime factors of 360797763?
3, 83, 277, 5231
What are the prime factors of 2575249053?
3, 13, 66032027
What are the prime factors of 140414907?
3, 1193, 39233
List the prime factors of 2238800156.
2, 2713, 206303
What are the prime factors of 59093785?
5, 17, 23, 167, 181
List the prime factors of 1122687265.
5, 7, 151, 30347
What are the prime factors of 592203501?
3, 101, 217163
List the prime factors of 745541309.
29, 3109, 8269
List the prime factors of 5737363652.
2, 19, 75491627
What are the prime factors of 68781384?
2, 3, 7, 136471
What are the prime factors of 21888705?
3, 5, 59, 24733
What are the prime factors of 66321060?
2, 3, 5, 13, 85027
List the prime factors of 110237084.
2, 499, 55229
List the prime factors of 28832739.
3, 13, 739301
List the prime factors of 920829274.
2, 271, 1698947
What are the prime factors of 238394612?
2, 59598653
What are the prime factors of 71481695?
5, 43, 332473
What are the prime factors of 51032396?
2, 293, 43543
List the prime factors of 177764128.
2, 829, 6701
What are the prime factors of 58150766?
2, 593, 49031
What are the prime factors of 5814275271?
3, 7, 23, 53, 71, 457
List the prime factors of 77072012.
2, 2521, 7643
What are the prime factors of 21348209?
17, 23, 71, 769
What are the prime factors of 133396409?
133396409
List the prime factors of 1785516272.
2, 911, 122497
List the prime factors of 6418922.
2, 19, 31, 5449
List the prime factors of 567287529.
3, 4603, 41081
List the prime factors of 439138376.
2, 54892297
List the prime factors of 399750721.
113, 419, 8443
List the prime factors of 50174711.
50174711
What are the prime factors of 3142375176?
2, 3, 130932299
List the prime factors of 171574371.
3, 3643, 5233
What are the prime factors of 1693199417?
7, 13, 563, 33049
What are the prime factors of 379055928?
2, 3, 19, 491, 1693
What are the prime factors of 68366347?
7, 229, 42649
What are the prime factors of 479830308?
2, 3, 157, 257, 991
List the prime factors of 515248900.
2, 5, 787, 6547
What are the prime factors of 11841925?
5, 181, 2617
What are the prime factors of 266471352?
2, 3, 7, 19, 27827
List the prime factors of 207632422.
2, 5743, 18077
What are the prime factors of 952881927?
3, 23, 13809883
What are the prime factors of 3848125464?
2, 3, 61, 223, 3929
List the prime factors of 288985134.
2, 3, 2203, 21863
What are the prime factors of 876477159?
3, 97, 334661
List the prime factors of 44212708.
2, 89, 124193
What are the prime factors of 4635689277?
3, 1545229759
List the prime factors of 453141822.
2, 3, 7, 701, 15391
What are the prime factors of 20136029?
19, 37, 28643
List the prime factors of 977470536.
2, 3, 7, 5818277
What are the prime factors of 219930535?
5, 11, 3998737
What are the prime factors of 106777876?
2, 3259, 8191
List the prime factors of 20073945.
3, 5, 29, 46147
What are the prime factors of 663960241?
7, 149, 211, 431
What are the prime factors of 843426069?
3, 3023, 93001
List the prime factors of 2352068582.
2, 131, 397, 22613
What are the prime factors of 36860631?
3, 499, 24623
List the prime factors of 694343912.
2, 86792989
What are the prime factors of 5320083831?
3, 47, 5779, 6529
What are the prime factors of 2197849053?
3, 732616351
What are the prime factors of 161146990?
2, 5, 31, 83, 6263
List the prime factors of 1765229974.
2, 71, 12431197
List the prime factors of 251207393.
37, 183497
List the prime factors of 1513653858.
2, 3, 28030627
What are the prime factors of 53253627?
3, 7, 2535887
List the prime factors of 186592589.
487, 383147
List the prime factors of 459211748.
2, 1063, 107999
List the prime factors of 1988785689.
3, 11, 19, 23, 137909
List the prime factors of 5320608991.
37, 41, 3507323
What are the prime factors of 228914761?
61, 251, 14951
What are the prime factors of 24936785?
5, 419, 11903
List the prime factors of 64868394.
2, 3, 19, 569021
List the prime factors of 48479252.
2, 12119813
List the prime factors of 33898420.
2, 5, 1694921
List the prime factors of 1054760930.
2, 5, 1889, 55837
What are the prime factors of 135167642?
2, 23, 929, 3163
List the prime factors of 165116927.
293, 653, 863
What are the prime factors of 18875394?
2, 3, 1048633
List the prime factors of 50911228.
2, 881, 14447
What are the prime factors of 4476094950?
2, 3, 5, 29840633
What are the prime factors of 2553182?
2, 19, 67189
List the prime factors of 1571297418.
2, 3, 3413, 25577
List the prime factors of 449213860.
2, 5, 269, 83497
List the prime factors of 5787436.
2, 61, 23719
List the prime factors of 4144210102.
2, 2072105051
What are the prime factors of 20854964?
2, 13, 401057
What are the prime factors of 414743888?
2, 13, 1279, 1559
What are the prime factors of 151580332?
2, 29, 43, 30389
What are the prime factors of 122969110?
2, 5, 11, 1117901
What are the prime factors of 1302424372?
2, 325606093
What are the prime factors of 147668141?
147668141
What are the prime factors of 48092061?
3, 229, 70003
What are the prime factors of 90047089?
11, 8186099
List the prime factors of 394166728.
2, 59, 835099
List the prime factors of 78441136.
2, 4902571
What are the prime factors of 1538399629?
13, 47, 839, 3001
What are the prime factors of 187477780?
2, 5, 7, 1339127
List the prime factors of 1003602818.
2, 501801409
List the prime factors of 187968783.
3, 62656261
List the prime factors of 803245079.
7, 13, 1423, 6203
List the prime factors of 2751517953.
3, 305724217
List the prime factors of 42852589.
13, 131, 25163
List the prime factors of 1336939752.
2, 3, 79, 705137
What are the prime factors of 52256710?
2, 5, 11, 71, 6691
What are the prime factors of 217240426?
2, 13, 8355401
List the prime factors of 37294300.
2, 5, 372943
What are the prime factors of 1328690271?
3, 109, 4063273
List the prime factors of 182615197.
182615197
What are the prime factors of 207747045?
3, 5, 11, 19, 37, 199
What are the prime factors of 5265933208?
2, 658241651
List the prime factors of 2338766968.
2, 292345871
List the prime factors of 79230131.
79230131
List the prime factors of 2301557400.
2, 3, 5, 19, 173, 389
List the prime factors of 2178